1) + 28/(-3). Let o = -8 - m. Let g(t) = 0*t - o*t + 5 + 2*t - t. Give g(-4).
9
Let v(s) be the first derivative of s**3/3 - 5*s**2 + s - 4. Give v(9).
-8
Let f(w) = -5*w - 20. Let u be f(-5). Let n(o) = -o + 6. Calculate n(u).
1
Let s(p) be the second derivative of -p**5/20 + p**4/12 - p**3/3 + 3*p**2/2 + 8*p. Calculate s(2).
-5
Let q(n) = -n**2 + 7*n - 11. Let l(a) = -3*a**2 + 15*a - 23. Let m(s) = -2*l(s) + 5*q(s). Determine m(-7).
5
Let a = -37 + 43. Let l(w) = -6 + 5*w + 2*w - w**2 + w. What is l(a)?
6
Let b(d) = 8*d**2 + d. Let u be b(1). Let s = u - 7. Suppose s - 6 = -4*p. Let t(x) = -x + 1. Give t(p).
0
Let y(w) = -4*w + 1. Let h(u) = -12*u + 4. Let s(g) = 2*h(g) - 7*y(g). What is s(-2)?
-7
Let h be -2 - (0/(-3) - 2). Let l(r) = -3*r**2 + 5*r + 8. Let q(d) = -2*d**2 + 3*d + 4. Let y(b) = -3*l(b) + 5*q(b). Give y(h).
-4
Let r(p) = -p**2 + 10*p + 2. Let x(g) = -g**2 + 18*g + 9. Let i be x(18). What is r(i)?
11
Let d(s) = 4*s + 1. Let t(f) = -f. Let q(v) = 2*d(v) + 10*t(v). Let m be q(4). Let x be ((-8)/m)/(10/15). Let o(g) = 2*g**2 - 3*g. Calculate o(x).
2
Let p = -1 + 4. Let b(q) = -q**2 - 3*q + 0 + 4 - p + 1. Calculate b(-3).
2
Let r(a) = -2 + 2*a - 7*a**3 + 1 - a**2 + 0. Let q(f) = f + 6. Let h be q(-3). Let y = h - 2. Give r(y).
-7
Let k(m) = -m - 4. Let n = 31 - 24. Calculate k(n).
-11
Suppose 4*j = -3*u + 5*j + 7, 5*u - 4*j - 7 = 0. Suppose u*l + l = 5*t - 18, 5*l + 2*t + 6 = 0. Let n(y) = 2 - 4*y**2 + 1 - 2 - y**3. Calculate n(l).
-7
Let a(c) = c**3 + 3*c**2 - 3*c + 2. Let q(j) = j**3 + 7*j**2 + 5*j + 6. Let o be q(-6). Let u be 17/4 + (-3)/o. Let l be (-1 - (u + -1))/1. Calculate a(l).
-2
Let v(d) = 6*d - 2*d**2 - 5 - 8*d + 4. Determine v(-2).
-5
Let s(x) = -2 + 7*x - x**3 - 8*x + 0. Calculate s(-2).
8
Let d(w) = -2*w - 2. Suppose 3*g - 6 = 5*g. Let p(i) = -i**2 - i + 3. Let r be p(g). Determine d(r).
4
Let y(z) = 3*z**3 - 1. Suppose q + 3*a = 9, -4*q - 2*a + 3*a + 36 = 0. Suppose 3*b = -2*n - 16, 13 = -3*b + 4*n - q. Let p be (2/6)/((-2)/b). Determine y(p).
2
Let s(a) be the third derivative of a**6/120 + a**5/12 - a**4/24 + a**3/6 + 9*a**2 + 2*a. Determine s(-6).
-29
Suppose -2*x - 13 = 5*f, x - 4*f - 50 = -4*x. Let l(m) = -4*m**2 + 3*m - 5. Let a(v) = -9*v**2 + 5*v - 9. Let y(g) = -3*a(g) + 7*l(g). Determine y(x).
-8
Let r(s) = s**2 - 8*s + 17. Let k be r(5). Let i(h) be the second derivative of -3/2*h**k + 0 - 5/6*h**3 - 1/12*h**4 - 2*h. Determine i(-4).
1
Let v(m) = 3 + 5*m - 3*m**2 - m**3 + 6*m - 7*m. Determine v(-2).
-9
Let k(x) = x**2 - 15*x - 15. Let s be k(16). Suppose 2*j + s - 9 = 0. Let p(w) = -w**3 + 5*w**2 - 5*w + 5. Calculate p(j).
1
Let j(r) be the second derivative of r**3/6 + 7*r**2 - 72*r. Calculate j(0).
14
Let d(f) = -f**2 + 5*f + 4. Let v be d(5). Let i(r) be the third derivative of -r**4/24 + r**3/6 + 14*r**2. Determine i(v).
-3
Suppose 3*b = 3, 2*d + 8 = 4*d + 4*b. Suppose -d = v - 10. Suppose v*t - 30 = 3*t. Let a(x) = -x**2 + 7*x - 1. Calculate a(t).
5
Let y(w) = w - 2. Let u be y(6). Let i(f) = 3*f + 2 - 1 - 6. What is i(u)?
7
Let f(i) = -2*i - 8. Let g(t) be the first derivative of -t**2/2 - t - 3. Let w(l) = 2*l + 4. Let q(m) = 3*g(m) + w(m). Let y be q(7). Calculate f(y).
4
Let m(s) = s**2 - 8*s + 7. Let x = -121 + -124. Let u be x/(-10) + 1/2. Suppose -2*t + 16 = w, -5*w - t + u = -2*t. Give m(w).
-5
Let b(v) = v**3 - 5*v**2 - 3. Let f(w) = -w**3 + 8*w**2 + 7*w + 22. Let t be f(9). Calculate b(t).
-19
Suppose -b + 1 = -0. Suppose -d = -6*d. Let r(h) = 2 - 2 + d - 6*h. Calculate r(b).
-6
Let x be (8/(-12))/(2/3). Let f be 2 - (x - -5) - -2. Suppose -3*w + 8*w + 20 = f. Let s(r) = r + 3. Give s(w).
-1
Suppose 0 = -5*v - 4*m + m - 25, -5*v + m - 5 = 0. Let x(c) = -3*c - 3*c**2 + c**3 + 0*c**3 + 2*c**2 - 3. Calculate x(v).
-9
Let h(u) be the first derivative of -u**3/3 - 3*u**2 - 4*u + 17. Let z = -9 - -4. Determine h(z).
1
Let v = 5 - 7. Let a(z) = -2*z**3 - 3*z**2 - 2*z - 2. Calculate a(v).
6
Let c(f) = -12*f + 80. Let p be c(7). Let b(w) = -w**3 - 5*w**2 - 6*w - 3. Determine b(p).
5
Suppose 4*l - l + 9 = 0. Let w = 2 + l. Let f be w/(-1)*(5 - 4). Let j(s) = 2*s**2 + s - 1. Give j(f).
2
Let j be 74/14 - (-28)/(-98). Let m(f) = -2*f - f**3 + 6*f**2 + 6 - f - 2*f. Determine m(j).
6
Let l be (-1 - (-8)/6) + 8/(-24). Let f(y) = 5*y**3 - 5*y**2 - 5*y - 5. Let s(o) = -14*o**3 + 14*o**2 + 14*o + 16. Let c(x) = -11*f(x) - 4*s(x). What is c(l)?
-9
Let s(p) = 3*p - 1. Let m = -27 + 28. Determine s(m).
2
Let g(j) be the first derivative of 3*j**2/2 - 4*j - 11. Determine g(-3).
-13
Let p(q) = -20*q**3 - q**2 - 2*q - 1. Let b(h) = 2*h**2 + 14*h + 11. Let z be b(-6). Determine p(z).
20
Let k(j) = j + 4. Let f(g) = g**3 - 3*g**2 + 2*g. Let h be f(2). Suppose h*i = i + 5. Determine k(i).
-1
Let x(a) be the third derivative of a**9/60480 + a**8/5040 + a**7/1260 + a**6/720 - a**5/12 - 5*a**2. Let i(n) be the third derivative of x(n). Determine i(-3).
-2
Let d(o) = 2*o + 5. Let b(y) = -y - 4. Let w(c) = -3*b(c) - 2*d(c). Let q(x) = -2*x + 1. Let u(s) = -3*q(s) + 2*w(s). Calculate u(-3).
-11
Let t = -1 - -4. Let v be 1/(-3)*t/(-1). Let m(p) = 7*p**2 - 2*p + 1. What is m(v)?
6
Suppose -4*m + 0 = -5*t + 6, -6 = 2*m - 4*t. Suppose 7*u - 10 = 2*u. Let c(v) = 3*v**3 - 4*v**3 - 3 + 2 + v**u. Give c(m).
-1
Let y(v) = v**2 - 2*v + 3. Let c(r) = 2*r**2 - 3*r + 2. Let g(p) = 2*c(p) - 3*y(p). Determine g(0).
-5
Let i(z) be the first derivative of -z**4/12 + 2*z + 4. Let v(j) be the first derivative of i(j). Calculate v(1).
-1
Let n = -57 + 52. Let b(r) = r**2 + 6*r. Give b(n).
-5
Suppose 4*g + 4*y - 15 = 21, 2*g + 2 = 3*y. Suppose -1 = -g*o - 4*f + 19, 2*o + f - 8 = 0. Let b(v) = 4*v - o - 3*v + 3. What is b(-4)?
-5
Let r(y) be the second derivative of 5*y + 1/6*y**3 + 0 + 0*y**2. What is r(2)?
2
Let a be -9 - -6 - (-16 - -2). Let k(o) = -3*o**2 - 4*o + 4. Let x(g) = -8*g**2 - 11*g + 11. Let y(p) = a*k(p) - 4*x(p). What is y(0)?
0
Let w(m) be the second derivative of m**3/6 - 5*m**2/2 - m. Let h(q) = 3*q - 15. Let c be h(7). Let b be c/(-4)*(-208)/78. Determine w(b).
-1
Let j(v) = v - 2. Let u be j(7). Let o = 8 - 3. Let i(x) = -o*x + x**2 - 3*x + 2*x + 2. Determine i(u).
-3
Suppose 0 = 2*o + 3*s - 14, 2*o - s = 3 + 19. Let g be o/2 + (-1 - 2). Let z(l) = 1 + 3*l + 0 - 3 + l**3 - 2*l**2. Calculate z(g).
4
Let l(b) = 0 + b - 4 - 3. Calculate l(8).
1
Let w(f) be the first derivative of -3*f**2 - 3*f - 8. Give w(-2).
9
Let k = -3 - -7. Let l(u) = -k*u**2 + 1 - 2*u + u + 3*u**2. Suppose 5*r = 4*r - h, 0 = r + 2*h + 2. Calculate l(r).
-5
Let q(r) = -265*r + r**3 - 269*r + 531*r + 2*r**2. Let i be (-21)/9 - 4/6. Give q(i).
0
Let q(r) be the first derivative of r**4/24 + r**3/3 + 3*r**2/2 - 2. Let h(m) be the second derivative of q(m). Determine h(4).
6
Let n(p) = -p**2 + 7*p + 1. Let x be n(7). Let v(o) = 2*o + 1. What is v(x)?
3
Let t(m) be the first derivative of m**3/3 + 2*m**2 - 9*m - 4. Let y(v) be the first derivative of t(v). What is y(-5)?
-6
Let l(m) = -m**3 - 11*m**2 - 10*m + 3. Let i(j) = j**3 + 10*j**2 + 9*j - 3. Let t(h) = -5*i(h) - 4*l(h). What is t(-5)?
3
Let l(t) be the second derivative of -t**3/6 + 14*t. Determine l(-4).
4
Let c be (-2)/(-3) + (-115)/(-3). Suppose 0 = -n - 2*n + c. Let d = -18 + n. Let k(i) = -i**2 - 7*i - 5. Calculate k(d).
5
Let x = 5 + -3. Let c be 0 - (-1 + x - -2). Let i(h) be the third derivative of h**5/60 + h**4/12 - 12*h**2. Calculate i(c).
3
Let n(a) = -a + 1. Let c = 7 + -6. Let v(m) = 3*m**2 + m - 1. Let x be v(c). Let d be x - (-2)/3*3. Calculate n(d).
-4
Let o(m) = -9*m**2 - 13*m + 15. Let k(t) = 11*t**2 + 14*t - 16. Let d(b) = 5*k(b) + 6*o(b). What is d(8)?
10
Suppose -3*o = -5*t + 35, -31 = -4*t + o + 2*o. Suppose 3*w - 3 = -2*k, -w = -t*k + 3*w + 16. Let l(f) = -k + 2 - 5*f + 0. Determine l(1).
-6
Let d(r) = -3*r**2 + 2*r + 8. Let c(u) = -u**3 - 5*u**2 + 6*u - 7. Let v be c(-6). Let l(x) = -5*x**2 + 5*x + 15. Let q(y) = v*d(y) + 4*l(y). Calculate q(-4).
-4
Suppose 5*w = -2*t - 50, 2*t - t = 4*w + 53. Let a = -7 - w. Let y(p) be the second derivative of -p**3/6 - p**2/2 - p. What is y(a)?
-6
Let y(j) be the third derivative of j**4/24 - j**3/2 - 8*j**2. Give y(4).
1
Let n(w) = -6 - 2*w + 1 + 2 - 1. Let i be n(-3). Let l(a) = 3 - 3 - 4*a + 6 - a**i. Give l(-6).
-6
Let h(t) = -t**2 